9.
3
Suppose 2626 = 3*s + 23*s. Calculate the remainder when s is divided by 27.
20
Suppose -3*f - 2*f = 2*j - 158, -j + 94 = 3*f. Let y = 153 + -37. Calculate the remainder when y is divided by f.
26
Let g = -4 - -7. Suppose 7*i - 2*i = -5*a + 210, -2*i = g*a - 82. Suppose 94 = 8*s - 26. What is the remainder when i is divided by s?
14
Let s = 181 + -122. Suppose -8*r + 32 = -192. Suppose 5*x - 25 = -4*p + r, p - 17 = -5*x. What is the remainder when s is divided by p?
11
Let m(q) = q**3 - 4*q**2 - 9*q - 9. Let y be 6/4*(-60)/(-18). Suppose -3*r = y*x - 46, -r + 2 = -3*x + 2*x. Calculate the remainder when m(r) is divided by 19.
18
Calculate the remainder when 80 is divided by (-2)/12 - 247/(-6).
39
Suppose 3*c - 59 = 3*r - 44, -3*c - r = -23. Let l be 1 - (-1 + 0 - -79). Let v = -43 - l. Calculate the remainder when v is divided by c.
6
Let j(m) = -m**2 + 16*m + 114. Calculate the remainder when 485 is divided by j(-5).
8
Let z(c) = 2*c - 5. Let d(g) = -3*g + 6. Suppose -4*t + 18 = 2. Let v(x) = t*z(x) + 3*d(x). Calculate the remainder when 19 is divided by v(-9).
5
Let r(s) = -9*s + 17. Let c be r(3). Let o(b) = -14*b + 9. Calculate the remainder when o(c) is divided by 30.
29
Suppose 384 = 4*j + j + 4*t, 4 = 4*t. What is the remainder when 221 is divided by j?
69
Let m(g) = 5*g - 6. Calculate the remainder when 1/16 - (-1596)/64 is divided by m(4).
11
Suppose -18*s = -31 - 257. Calculate the remainder when s is divided by 4.
0
Let l = 12 + 37. Let w = 137 + -123. What is the remainder when 1*(l - -2) + 2 is divided by w?
11
Let m be (3/4)/(409/136 + -3). Let n = m + -83. What is the remainder when 55 is divided by n?
17
Let a(z) = z**2 - 23*z - 117. What is the remainder when a(28) is divided by 10?
3
Let d(z) = -2*z - 28. Let s be d(-9). What is the remainder when 6/(-15) - 506*s/25 is divided by 41?
38
Let n = 12 + -9. Let m = -3 + -3. Let u(g) = -3*g - 13. What is the remainder when u(m) is divided by n?
2
Let s(x) = -3*x**2 + 38*x - 5. Let d = -114 - -125. Suppose 4*g - 3*v = 83, 3*v - 26 - 10 = -3*g. What is the remainder when s(d) is divided by g?
16
Let o(m) = -m + 10. Let c be o(-18). Let h = c + -10. Calculate the remainder when 30 is divided by h.
12
Let q(t) = 2*t**2 - 14*t - 29. What is the remainder when q(12) is divided by 28?
7
Let x(s) = -5*s - 17. Let g = 5 - 15. Let n = g + 2. Calculate the remainder when x(n) is divided by 4.
3
Let h(g) = -46*g - 122. Calculate the remainder when h(-11) is divided by 35.
34
Suppose -481 = 3*o - 103. Let l = 199 + o. Calculate the remainder when -3 - (-2)/(2/l) is divided by 18.
16
Let g(t) = -t**3 - 11*t**2 - 28*t - 27. Let r = 51 - 23. What is the remainder when r is divided by g(-8)?
3
Suppose -5*n + 0*m = 5*m - 800, 5*n = 5*m + 810. What is the remainder when n is divided by 21?
14
Let k(m) = 3*m**2 + m. Let w be k(5). Suppose -4*y + w = y. Calculate the remainder when 6 is divided by y/(-24)*9/(-2).
0
Suppose -2*a = 5*n - 270, 12*a - 10*a = n - 54. Calculate the remainder when 106 is divided by n.
52
Let f = 538 + -527. Calculate the remainder when 152 is divided by f.
9
Let c(s) = -s**3 + 5*s - 4. Let k be c(-3). Let i = k + 49. What is the remainder when i is divided by 12?
9
Let g(y) = -y**2 + 19. Suppose 0 = 2*i - 8, -5*c + 6*i + 165 = i. What is the remainder when c is divided by g(0)?
18
Let o(a) = 47*a - 43. What is the remainder when o(2) is divided by 31?
20
Let n(f) be the first derivative of 4*f**3/3 + f**2/2 - 3*f + 3. Suppose -21 + 8 = -4*s - o, s - 4 = -o. Calculate the remainder when n(s) is divided by 13.
10
Let a(w) = -6*w + 2. Let p be a(6). Let q = -24 - p. Let u = 36 - 29. What is the remainder when q is divided by u?
3
Suppose 0 = -0*d - 3*d + 5*f + 35, 10 = 2*f. Suppose -39*k + 37*k = -70. What is the remainder when k is divided by d?
15
Let x = 14 + -34. Calculate the remainder when (-4)/6*(-6)/(-12)*-6 is divided by 4/(-6) + x/(-12).
0
Let j(r) = r**3 - 9*r**2 - 9*r + 13. Let f be j(10). Suppose -3*c + f = 8. Let l(o) = o**2 - 2*o - 1. What is the remainder when l(4) is divided by c?
2
Suppose 32*j = -v + 30*j + 25, 50 = v - 3*j. What is the remainder when 489 is divided by v?
34
Let z(p) = 26*p + 25. Suppose r = -6*r - 105. Let k be z(r). What is the remainder when 16/(-88) + k/(-11) is divided by 9?
6
Calculate the remainder when ((-1)/(-8))/(1/14)*40 is divided by 12.
10
Let o = 16 + -3. Suppose 120*t = 126*t. Suppose t = 13*w - 31 - 21. Calculate the remainder when o is divided by w.
1
Let u be 1 - -1 - -4*1. Let q be 48/u - (0 - 1). Suppose -j + q = -0. Calculate the remainder when 17 is divided by j.
8
Suppose -2*o - o = -90. Suppose 8*z - 15 = 5*z - 3*v, -3*z + 2*v = -o. Calculate the remainder when 39 is divided by z.
7
Let s(u) = 2*u**2 - 3*u + 1. Let n be s(2). Let w = 26 - n. Calculate the remainder when (-3)/(-4)*(-5)/(25/(-440)) is divided by w.
20
Suppose 3*j - 99 = -2*i, -5*i = 5*j - 73 - 162. What is the remainder when 209 is divided by i?
41
Suppose 3*h = -h + 36. Suppose 2*d - 7*d = -30. What is the remainder when h is divided by d?
3
Calculate the remainder when (5 + -8)*(-3828)/36 is divided by 7.
4
Let t(a) = -9*a - 57. Calculate the remainder when 96 is divided by t(-10).
30
Let v(o) = o**3 - 24*o**2 + 48*o - 76. What is the remainder when v(22) is divided by 2?
0
Let c = 9 - -4. Suppose -s + 2*l = -58, -29*s + 28*s + 62 = -3*l. What is the remainder when s is divided by c?
11
Let x = -512 - -738. What is the remainder when x is divided by 57?
55
Let j(m) = -16*m**2 + 3*m - 2. Let d be j(2). Let k(t) = -t**3 + 7*t**2 - 6*t + 3. What is the remainder when (3/(-6))/(6/d) is divided by k(6)?
2
Let q(p) = -p**2 + 25*p - 27. Let c be q(18). Suppose 2*i - c = -5*t - 7, 5*i + 20 = 0. What is the remainder when 36 is divided by t?
16
Let a = -36 + 43. Let x = 205 + -105. Calculate the remainder when x is divided by -1*(-51)/(-4 + a).
15
Let b = 108 - 100. Calculate the remainder when b is divided by 6/(-3) + 10/2.
2
Suppose 5*x + 5*x = -520. Let a = x - -76. Calculate the remainder when 79 is divided by a.
7
Suppose -8*b = -280 + 184. Calculate the remainder when 130 is divided by b.
10
Let u = 751 - 414. Let n = u + -219. Calculate the remainder when n is divided by 8.
6
Let u = 296 - 138. What is the remainder when u is divided by 20?
18
Suppose 5*m + 26 - 66 = 0. Let w(r) = -r + 54. Calculate the remainder when w(m) is divided by 7.
4
Suppose -5*n = -c - 170, -2*c + 0*c = -4*n + 136. Calculate the remainder when n + -2 + 2 + -2 is divided by 12.
8
Let y(h) = h**3 + 9*h**2 + 2*h - 2. Let l = -23 + 16. Calculate the remainder when y(l) is divided by 17.
14
Let j(p) = 14*p**2 - 7*p - 20. Calculate the remainder when 81 is divided by j(-2).
31
Suppose -11*g - 103 + 1522 = 0. What is the remainder when g is divided by 4?
1
Suppose 16*l - 4*l - 420 = 0. Calculate the remainder when l is divided by 25.
10
Let o(y) = y**3 + 10*y**2 - 6*y - 35. Suppose 4*u = -2*w + 198, 0*u + 47 = u - 2*w. What is the remainder when u is divided by o(-10)?
24
Let l(c) = -26 + 10*c + 4 - 59 - 13. Calculate the remainder when 1 - (2 - 3) - -6 is divided by l(10).
2
Let t = 605 - 565. What is the remainder when 108 is divided by t?
28
Let g = 8 - 8. Suppose 2*h + n = 9, g*n - 7 = -h + 2*n. Calculate the remainder when (-14)/(-6)*(-12)/(-2) - -4 is divided by h.
3
Suppose -5*t - 2*m + 87 = 0, 18*t = 19*t - 3*m - 14. What is the remainder when 185 is divided by t?
15
Let p = -638 - -712. Calculate the remainder when p is divided by 19.
17
Let v be 83*4 + -3*6/18. Let r = -100 + v. What is the remainder when r is divided by 29?
28
What is the remainder when 1077 is divided by ((-42)/(-15))/(4/10)?
6
Suppose 0 = 5*x + 2*h + 456, -x + h = -4*h + 102. Let n = 106 + x. What is the remainder when 24 is divided by n?
10
Let i(l) = 5*l + 61. What is the remainder when 85 is divided by i(-3)?
39
Suppose -210 = -0*v - 2*v. Suppose -18 = 3*z - v. What is the remainder when z is divided by 7?
1
Suppose 3*o - 3*f - 50 = -f, -2*o + 24 = f. Suppose -7*s + 2*r + 77 = -4*s, 127 = 5*s - 2*r. Calculate the remainder when s is divided by o.
11
Let x(s) = -26*s - 11. Let n be x(-5). Let g = n + -104. Calculate the remainder when 44 is divided by g.
14
Suppose 2*v - 4*v + 210 = 0. Suppose -